p + 4. Let q(h) = -14*h - 11. Let w(i) = -17*b(i) - 6*q(i). Give w(d).
-2
Let z(r) = r**2 - 1. Let u be z(-1). Let x(g) = -g. What is x(u)?
0
Suppose -2*o + 2*f = 3*f + 3, -3*f = -5*o + 9. Let l be 0/((0 + 2)/2). Let n(r) = 5*r + 1 + l - 6*r. Determine n(o).
1
Let a(h) = 5 + 2 + 3*h + 2*h - h**2. Let w be a(6). Let n(l) = 2*l - 5. Let y(s) = 4*s - 9. Let r(c) = 11*n(c) - 6*y(c). What is r(w)?
-3
Suppose -x + 3 = z, -2*x - 3 + 9 = -4*z. Let o(j) = -j**2 + 7*j + 1. Determine o(x).
13
Let y(b) be the first derivative of b**4/4 + 4*b**3/3 - 2*b**2 + 7*b + 19. What is y(-5)?
2
Let x(z) be the second derivative of z**5/60 - z**4/12 - z**3/2 - 2*z. Let a(h) be the second derivative of x(h). What is a(-3)?
-8
Let j(d) = d**2 + d + 4. Let f be 1*((-16)/(-4) + -4). What is j(f)?
4
Let k(t) = -9*t - 2 - t + 0 + 6*t. Determine k(4).
-18
Let s(j) be the second derivative of -j - 1/2*j**3 + 3/2*j**2 + 0. Let q = 12 - 7. Determine s(q).
-12
Let h = 1 + -5. Let l(r) be the first derivative of r**4/4 + 5*r**3/3 + 3*r**2/2 - 5*r + 5. Give l(h).
-1
Suppose 0 = 2*w + 3*w. Let u(g) = 3*g - 3*g - g**2 + 0*g**2. Determine u(w).
0
Let l(w) = 3*w**2 - w + 1. Let i(g) be the second derivative of g**4/6 + g**2/2 + 3*g. Let f(a) = 4*i(a) - 3*l(a). Calculate f(4).
-3
Let c(w) be the second derivative of -w**3/6 - w**2/2 - w. Give c(-2).
1
Let x(h) = 3*h**3 - 7*h**2 + 7*h + 4. Let c(v) = 2*v**3 - 6*v**2 + 6*v + 3. Let a(m) = 5*c(m) - 4*x(m). Calculate a(1).
-3
Let a(l) = -5*l - l**2 + 1 + 0 - 4. Let s(b) = -1. Let o(c) = -a(c) - 3*s(c). Let r be ((-5)/(-2))/((-1)/2). Determine o(r).
6
Let x be (-6)/(-2)*2/4. Let i(j) be the first derivative of -2*j - 1/3*j**3 - 1 + x*j**2. Calculate i(2).
0
Let h(u) = -u**2 + 2*u + 2. Let y(w) = 2*w**2 - w - 1. Let a(j) = 2*h(j) + 3*y(j). Determine a(2).
19
Let b(r) = 4*r - 3. Let g be b(2). Let m(j) = j**3 + 5*j**2 - 2*j - 7. Let k be m(-5). Let d(y) = -6 - 5*y**2 + y**3 - k*y + 3*y. Determine d(g).
-6
Suppose 0 = 4*h + 8, -4*u + 2*h + 13 = -7. Suppose 0 = j - u*j + 3. Let m be (-6)/(-3) + j*-7. Let w(y) = -y**2 - 8*y - 7. Give w(m).
8
Let o(t) = t + 10. Suppose g + 35 = -2*g - y, -g + 2*y - 14 = 0. Give o(g).
-2
Suppose x = -f + 7, 0 = -2*x - 2*x + f + 8. Let b = -2 + x. Let y(j) = j**3 + b - j - j**3 + 2*j**3. What is y(1)?
2
Let t(u) = 12521 + 4*u**3 - 12521 + 2*u**2 + u. Suppose -j - 1 + 0 = 0. Give t(j).
-3
Let t(g) = g**2 - 6*g + 6. Let b be t(5). Let s(f) = f + 2*f - f**2 - f**2 + f + b. Let p(u) = u**2 + 6*u + 3. Let y be p(-6). Give s(y).
-5
Let j(w) = w**2 - 9*w + 5. Suppose -5*c - 5*h + 50 = 0, 5*h + 11 = 5*c - 19. Calculate j(c).
-3
Let d(l) = l**3 + l**2 + l + 2. Suppose -5*r + 4 = -3*j + 47, -4*j = 5*r + 1. Suppose -n + 4 = j. Calculate d(n).
-4
Suppose o - 12 = -3*o. Let q(t) = 4 + 3*t**2 + 0*t**2 + 2*t**3 - t - t**o. Suppose m + 12 = -3*r + r, 3*r + 16 = -m. What is q(r)?
-8
Let i(t) = -t**3 + 4*t**2 + 2*t + 7. Suppose 3*g = 17 - 5. Suppose 2*h = 2*o - 3*o + 7, -g*o - 4*h + 24 = 0. What is i(o)?
-8
Let c(d) = 2*d - 6. Let g be c(5). Let l(x) = 1 + 0*x - g*x + 2*x + 4*x - 5*x**2. Determine l(-1).
-6
Let v(g) = g + 6. Let s be (0/(1 + -3))/(-2). Give v(s).
6
Suppose 5*r - 5*o - 10 = 0, -4*r + 27 = -o + 4. Let u(i) = 13*i**2 - 1 + 2*i**2 - r*i**2. Let s be (-2)/(-8) - (-5)/(-4). What is u(s)?
7
Let y(x) = 3*x**3 - 2*x**2 - 5*x + 5. Let o(h) = h**3 + h**2 + 1. Let l(r) = -4*o(r) + y(r). Suppose -g + 4*g + 45 = 0. Let t = g - -10. What is l(t)?
1
Let j(a) = a**3 + 3*a**2 + 672*a - 335*a - 340*a - 6. Determine j(-4).
-10
Suppose 5*u + 9 = -3*m, 2*u - 1 = -2*m + u. Suppose v - 3 + 10 = 5*z, 4 = m*z. Let c(w) = -w**3 + 3*w**2 + 4. What is c(v)?
4
Let t(g) = -56 - 69 + 113 - g. Calculate t(-7).
-5
Let j(a) = -a + 2. Let g(n) = -n**2 + 6*n - 6. Let o be g(4). Give j(o).
0
Suppose 0 = t + 2*t + 2*o + 1, 4*t - 3*o = 27. Let m(r) = r**3 - 4*r**2 - 2. Determine m(t).
-11
Let j(w) = 2*w + 6. Suppose 4*u - 2 = i - 17, 0 = -3*i - 4*u - 35. Determine j(i).
-4
Let w(m) be the first derivative of -2*m**2 + 2*m + 0*m**2 + m**2 - 1. What is w(3)?
-4
Let s(z) = 8*z**2 + 6*z - 1. Let v(n) = 10*n**2 + 6*n - 1. Let h(y) = 4*s(y) - 3*v(y). Calculate h(-5).
19
Let s(c) = c**2 - 5*c - 15. Let z be s(7). Let p(f) = 12*f**2 - f - 1. What is p(z)?
12
Let n(m) = -2*m + 8 + m**3 + 3*m + 2*m**2 + 3*m**2 + m**2. Determine n(-6).
2
Suppose -5*p - 4*r + 3 = -3*r, 0 = -3*r - 6. Let f(u) = -2 + 6 + p + u. Give f(-3).
2
Let x(i) = -3*i**2 - 1. Let g(t) = t - 11. Let a = -1 - -11. Let d be g(a). Determine x(d).
-4
Let l(k) = k. Let g be l(5). Let c be g*(-3)/15*2. Let u(i) = -13*i**2 + 12*i + 20. Let t(r) = 3*r**2 - 3*r - 5. Let h(n) = c*u(n) - 9*t(n). What is h(4)?
1
Let p be 4/(-14) - (-37)/7. Let z(q) = 0 + 4*q - 5*q**2 + 2*q**2 + 2 + 2*q**2. What is z(p)?
-3
Let g = -5 - -7. Let l be (-13)/g - (-2)/4. Let y(u) be the third derivative of -u**5/60 - u**4/4 + u**3/6 + 7*u**2. Give y(l).
1
Let h(a) = 3*a**2 + 12*a - 2. Let v(w) = 10*w**2 + 38*w - 6. Let s(j) = 7*h(j) - 2*v(j). What is s(-7)?
-9
Let n be (5 + -9)*(-1)/2. Let q(s) = -3*s + 2*s + s + 2*s**n - 2. Determine q(-2).
6
Let j = -4 + 1. Suppose 2 = 5*m - 3*p + 1, 11 = -2*m + 5*p. Let q(f) = -f**2 - 4*f - 2 + m*f + 3. Determine q(j).
-2
Suppose -85 = -2*h - 15. Suppose 0 = -10*f + 5*f + h. Let i = f + -2. Let r(p) = p**3 - 6*p**2 + 3*p + 5. Determine r(i).
-5
Let t(x) = -x**2. Let b(i) = -8*i**2 - 2*i + 2. Let s(p) = b(p) - 4*t(p). Let d = 2 + -5. Let z be (-1 - (-10)/6)*d. Calculate s(z).
-10
Suppose -4*q = -9 - 3. Suppose t = a - 3 - 2, 3 = 3*a + t. Let v(o) = -1 + 10*o**q - o**2 - 2*o**a - 11*o**3. Calculate v(-3).
-1
Let v(b) = b + 13. Let l be v(-19). Let j(o) = -o. Determine j(l).
6
Let r(i) = 2*i**2 + i - 1. Let o be r(1). Let k(h) = 2*h**2 + o*h - 3*h**2 - 3*h**3 - 3*h - 1. What is k(-1)?
2
Let y = -4 + 1. Let p be y*2/(-12)*2. Suppose p = -4*i - 15. Let j(l) = l**2 + 6*l + 4. Calculate j(i).
-4
Let d(j) be the first derivative of -3*j**2/2 + 8*j - 8. What is d(6)?
-10
Let v(f) = -2*f - 3. Suppose 0 = -5*m + 4*i - 10, 0 = -m - 5*i + 2 - 4. Determine v(m).
1
Let q(n) = n**3 - 4*n**2 - 5*n + 2. Suppose -4*t - 4 = 0, k + 5 - 13 = 4*t. Determine q(k).
-18
Let n(g) = -g**3 + 10*g**2 - 8*g - 2. Let y be (-38)/(-4) - (-6)/24*-2. What is n(y)?
7
Suppose -4*x + 2*c + c = 97, -4*x + 4*c = 100. Let v = x + 17. Let s(o) = o**2 + 6*o + 5. Calculate s(v).
0
Let c(s) = -6*s**2. Let y(w) = -3*w**2. Let i(k) = -4*c(k) + 9*y(k). Let d = -18 + 19. Give i(d).
-3
Let q(h) be the second derivative of 5/6*h**3 + 0 - 1/3*h**4 + 4*h + 1/20*h**5 - 3/2*h**2. Give q(3).
3
Let h be (-7)/28 - (-45)/4. Suppose 13 - h = b. Let m(p) = -p**3 + p**2 + p - 1. Determine m(b).
-3
Let v(y) = -10*y**2 - 1. Suppose 0 = 4*x - t + 7, 4*x = 3*x + t - 4. Determine v(x).
-11
Let m(c) = 7*c**2 + 12*c + 3. Let p(r) be the third derivative of r**5/10 + 11*r**4/24 + r**3/3 - r**2. Let f(j) = -5*m(j) + 6*p(j). Calculate f(-6).
-3
Let p(l) = l**3 + 4*l**2 - 2*l. Suppose 0 = -3*q - 0*q - 15. Give p(q).
-15
Let q = -5 + 10. Let y(w) = 4*w + 0*w**3 - w**3 + 2*w + q*w**2 + 7 - 2*w. Give y(6).
-5
Let d be (-1)/(-2 + (-1 - -2)). Let c(q) = q**2. Let x be c(d). Let n(y) = 2*y - y + x - 4*y**2 + 0*y + 0*y. Give n(-1).
-4
Suppose -3*b + 3*f = b - 1, 2 = 5*b - 3*f. Let r(x) = 3*x**2 - 2*x + 1. Determine r(b).
2
Let z(x) be the first derivative of -7*x**2/2 + x - 1. Calculate z(1).
-6
Let w = -59 - -61. Let m = 22 + -12. Suppose 2*n = -w*x - 4, 3*n + m = -2*x + x. Let p(u) = 2*u**2 + 6*u. Give p(n).
8
Let a = -11 - -13. Let u(i) = 4*i - 4*i**2 - 2*i**3 - 2 + i**3 + 6*i**a. Let w = -2 + 5. Calculate u(w).
1
Let z be (-5 + 4)*(1 + -3 - 5). Let q(b) = -2*b + 8. What is q(z)?
-6
Let s(n) = -n**2 - 1. Let r = 7 + -5. Suppose -4*u + 3*u = -2, 2*z = r*u + 4. Suppose -5*t - 4*y = -9, 0*y - 2 = -z*t + 2*y. Give s(t).
-2
Let d(t) = -t. Let i(s) = 21*s. Let l(c) = -18*d(c) - i(c). Suppose -9*r + 2 = -10*r. What is l(r)?
6
Let p(c) = -c**3. Let n(u) = -6*u**3 - 6*u**2 - 4. Let y = 5 + -10. Let t(l) = y*p(l) + n(l). Let s be t(-6). Let v(x) = -x**2 - 4*x + 3. Calculate v(s).
3
Suppose 0 = -r - 3*v + 14, 0*r = -3*r + 2*v - 2. Let n(x) = -x - 5 + r*x - 2*x. Calculate n(-6).
1
Let a(d) = -d**2 + d - 4. Suppose 0 = o - 0*o + 1. Let m be o/(-1)*(13 - 10). Give a(m).
-10
Supp